 (-15)/x - (-15)/4. Suppose -o*i + 44 = 4*q - 0*i, -2*i = 0. Is q prime?
True
Suppose -5711 = -3*m - 4*q, -5*m + 5879 = 4*q - 3626. Is m a composite number?
True
Suppose 0 = -4*s + k - 203, 0*s + s + 5*k + 77 = 0. Let l = 36 + s. Let d = 29 + l. Is d composite?
False
Let w be (8 - (-2 + 3)) + -3. Suppose -u = w*u - 1115. Is u a prime number?
True
Let o(b) = b**3 - 3*b + 5. Let q be 2/(-4) - (-26)/4. Is o(q) a prime number?
False
Suppose -51 = 2*z - 2*u - 373, -5*z + 2*u = -793. Let d = 271 - z. Suppose 19 - d = -5*o. Is o a prime number?
True
Let z(y) = 5*y**2 - 7*y. Let u be z(5). Let i = -57 + u. Is i prime?
False
Let x = 16 - 8. Let v = 13 - x. Suppose -2*q - v*l = 24 - 134, -5*l = -4*q + 220. Is q a prime number?
False
Let u be 2 + (-59 - (-2 - -5)). Let j = u - -106. Is j a composite number?
True
Let n(k) = 2*k - 2 + 3 + k**2 - 57*k**3 + 8*k**3. Let i be n(-1). Let a = 6 + i. Is a composite?
True
Let j(v) = -3*v - 3. Let a be j(-2). Suppose 0 = 4*z - 3*b - 275, 8*z = a*z - b + 320. Is z a composite number?
True
Let v = 0 - -3. Suppose -6 = v*u - 24. Is u prime?
False
Let c(d) = -d**2 - 4*d + 5. Let k be c(-5). Suppose -2*u + 3*u - 122 = k. Is u a prime number?
False
Suppose d - 5*b = 273, -5*d = -4*b + 44 - 1304. Suppose -1303 = -5*j - d. Is j composite?
False
Let f be (16/(-20))/(2/30). Let s be 140/6 - (-4)/f. Suppose s = 2*k + g, g = -5*k - 11 + 64. Is k composite?
True
Let n = -1 + -5. Let x(g) = -g**3 + 7*g**2 - g + 5. Is x(n) prime?
True
Let s be (-6 - -9) + 0 + 0. Let n be -3 + s/(2 - 5). Is 0 + (n - -2) + 55 a composite number?
False
Let m = 184 - 95. Is m composite?
False
Suppose 0 = -p + 3*p - 310. Is p a prime number?
False
Let x be 1/(-4) - 1989/12. Let y = 85 - x. Is y composite?
False
Let k be 10*(0 + 2/5). Is 26/k + (-1)/(-2) prime?
True
Let n(x) = -2*x**2 - 3*x. Let d be n(-3). Let v be 1*d/(-3 + 0). Suppose 3*l + 3 - 90 = 3*o, -v*o = -5*l + 155. Is l prime?
False
Let x = -73 - -170. Is x composite?
False
Let y = -24 + 49. Let k = 45 - y. Let t = k + 33. Is t a prime number?
True
Let a = 4 - 1. Let z = a - 3. Suppose z*f + 25 = f. Is f prime?
False
Let r(x) = -x + 4. Let t be r(0). Let a be t/6 - (-67)/3. Suppose -10 = -2*h - 3*h, -u = h - a. Is u a composite number?
True
Let m = -8 - -4. Is m/(-6) + 134/6 prime?
True
Suppose -5*m = -5*r - 11260, 6*m - 6759 = 3*m + 4*r. Is m prime?
False
Let z(v) = v**2 - 3*v - 2. Let y be z(4). Let a = y - -5. Suppose -105 = -a*l + 2*l. Is l prime?
False
Suppose -3*s = -q - 7*s + 671, -2*q + 1392 = -2*s. Is q composite?
False
Let b(y) be the second derivative of -9*y**5/10 - y**3/3 - 3*y**2/2 + 2*y. Is b(-2) a prime number?
False
Is 695 - 2 - 2/(5 + -7) prime?
False
Let k(s) = -s**2 + 3*s + 2. Let c be k(3). Let h be (1/(-2))/((-3)/1662). Is c/(-8) + h/4 prime?
False
Suppose -3*g + 269 = -4*w + 2*w, -3*g = -5*w - 254. Let x = g + -5. Suppose 5*q - x = -2*r, 4*r - 2*r + 3*q - 92 = 0. Is r a prime number?
False
Suppose 0 = 4*x - k - 5, -2*x + 2*k + 4 = 3*x. Suppose -4*t - 27 = -x*a + 137, 3*a - 246 = 4*t. Is a a composite number?
True
Suppose -2*a = 5*s - 9, -11 = -5*s - 2*a - a. Let m = s + -4. Let t(u) = -u**3 + 3*u**2 - 1. Is t(m) composite?
False
Suppose -3*a - a + k + 633 = 0, 0 = -a + 5*k + 182. Is a a composite number?
False
Let i(j) = 17*j**2 + j - 2*j + 17*j**2 - 5*j**2. Let p be i(-1). Let s = p - 7. Is s prime?
True
Let r(x) = -1 + 2 + 162*x**2 - 2. Is r(-1) composite?
True
Let t(g) = -6*g - 1. Let v(a) = -7*a - 2. Let m(w) = 4*t(w) - 3*v(w). Is m(-3) a composite number?
False
Let h(v) = v**3 + v**2 - 4*v - 5. Let w(b) = -b. Let z be w(-4). Let s be h(z). Suppose -244 + s = -5*j. Is j prime?
True
Is 12/3*219 + (2 - 1) a prime number?
True
Let q(v) = v**3 + 7*v**2 + 9*v + 6. Let r be q(-8). Let m = r - -224. Is m a composite number?
True
Is (-5623)/(-8) - 12/(-96) a prime number?
False
Suppose -5*i + 129 = 2*m - 181, -4*i + 2*m + 248 = 0. Is i a composite number?
True
Let k be (-8)/40 + (-6)/(-5). Let h be (-105)/9 + k/(-3). Let n = 63 + h. Is n composite?
True
Let o be (-74)/(-6) - (-2)/(-6). Let c = o - -55. Is c a composite number?
False
Suppose 180 = -0*a + 5*a. Suppose -a = -5*i + 229. Is i a prime number?
True
Suppose 0 = 2*j - 232 - 30. Is j a prime number?
True
Suppose -5*f = -10*f. Suppose 2*i + 3*i - 195 = f. Let c = -24 + i. Is c a prime number?
False
Suppose -3*o = -7*s + 3*s - 9771, 5*s - 15 = 0. Is o composite?
True
Let r = 24 - 9. Let f = -3 + r. Suppose 0 = -z + 11 + f. Is z composite?
False
Let z = -228 - -481. Is z a prime number?
False
Suppose 9*j = 13*j - 132. Is j composite?
True
Suppose -3*l = -6, 3*l - 317 = -3*t + 8*l. Suppose -54 = -b + t. Is b a prime number?
True
Let w = 1512 - -121. Is w a composite number?
True
Let n(b) = b**3 + 8*b**2 + 2*b + 6. Suppose 6 = 3*i + 30. Let c be n(i). Let l(w) = -2*w - 9. Is l(c) composite?
False
Suppose -2*f = m - 5, 4*m = 5*f + 12 - 57. Suppose g + 10 = -g, -f*q + 690 = 4*g. Is q a composite number?
True
Let q = -205 - -354. Is q prime?
True
Suppose 7*p - 15 = 2*p. Suppose 0 = -p*a - 3*w - 72, -5*a = 3*w + 58 + 60. Let q = a + 33. Is q a composite number?
True
Let j(u) = 10*u**2 + u - 7. Let l(g) = -3*g**2 + 2. Let c(v) = 2*j(v) + 7*l(v). Let f be c(2). Is (-69)/(-6)*(2 - f) prime?
True
Let g(u) = 2*u**2 + 2*u - 1. Suppose 3*z = -2 - 4. Let s = z - 1. Is g(s) a composite number?
False
Let r = 15 - 14. Is r + (2 - 1) + 215 a composite number?
True
Suppose -4*f = -4 - 8. Suppose -y = 2*g - 12, 8 = f*g - 5*y - 36. Let q = 14 - g. Is q a composite number?
True
Suppose -5*s + 119 = -111. Is s composite?
True
Suppose 1118 = 5*k - 4*k - 5*c, -5*k + 2*c = -5521. Is k prime?
True
Suppose -208 = -4*z + 180. Is z a composite number?
False
Let d(w) = -w**2 - 11*w - 7. Let i be d(-7). Let q = i + 132. Let c = q + -76. Is c composite?
True
Suppose -5*t = 4*u - 21 + 106, -68 = 4*t + 2*u. Is 1*-3 - t*2 a prime number?
True
Is 213 - (-4)/(4/(-2)) composite?
False
Let i(z) = -z**3 + 13*z**2 - 21*z - 11. Is i(10) composite?
False
Let u(h) be the third derivative of -h**5/60 - h**4/24 + 77*h**3/6 - h**2. Let j be u(0). Suppose 5*y + 5*i = y + 368, j = y + 5*i. Is y composite?
False
Let t(g) = -2*g - 1. Let d be t(-5). Let i(y) = y**3 - 10*y**2 + 8*y + 8. Let f be i(d). Is (-1)/1 + (37 - f) a prime number?
True
Let w(v) = -65*v - 32. Is w(-5) a prime number?
True
Suppose 2*o = -3*s - 1, 3*o - 2*s - s + 9 = 0. Is 326/(6/(o + 5)) prime?
True
Suppose 2*i = -b + 20, -2*i + 5*b = -4*i + 12. Is i a prime number?
True
Suppose f + s - 13 = 0, -2*f + f + 25 = -2*s. Suppose 2*c - 5*w = -f + 4, -5*w = c + 14. Is (-6)/((c/(-6))/(-1)) composite?
True
Suppose -4*f = -4*q - 48, 0 = -3*q - 9 - 6. Is f prime?
True
Let i = 291 + 8. Let g = i + -208. Is g a prime number?
False
Suppose 11804 - 2195 = 3*s. Is s a composite number?
False
Let u = -3 - -1. Let h be 10*((-4)/5)/u. Let j = 0 + h. Is j a prime number?
False
Suppose 4*g - 20 = -f, -f + 10 = 2*g - 3*f. Suppose 0 = 3*j - i - 9, g*j - 2*i - 12 = 2*j. Is j*((-218)/4)/(-1) prime?
True
Let w(a) = a - 4. Let q be w(7). Let z(j) = -1 + 5*j - j**2 + j**3 - 3 + 2. Is z(q) prime?
True
Suppose -j + 90 = -396. Let h = j - 235. Is h a prime number?
True
Let o(l) = 2*l**3 - l**2 - 3*l + 3. Is o(3) composite?
True
Let n(h) = h + 1. Let g be n(-1). Is g/((-4)/(-2)) - -83 composite?
False
Let x(n) = 30*n - 3. Suppose -m + 7 = 4*j, -5*j + 14 = -0*m + 3*m. Is x(m) a prime number?
False
Let q be 39/9 + 4/6. Let o(h) = 7*h**2 - 6*h + 12. Is o(q) composite?
False
Suppose 2*h - 6*h = 5*d + 29, h - 5*d + 1 = 0. Let n be (h/9)/(2/(-9)). Suppose -20 = 5*a, -n*w + 5*a + 94 = -w. Is w prime?
True
Is 172*2 + (11 - 9) a composite number?
True
Let f = 192 - 119. Let w = 110 - f. Is w composite?
False
Let z(s) = -s**2 + 4*s + 1. Let p be z(2). Suppose 3*d - 1 = -o, -4*d + p*o + 5 = -28. Suppose d*g = 4*u - 222, u + 3*g - 5*g = 63. Is u a composite number?
False
Let x(k) be the third derivative of -k**5/60 - k**4/4 - 5*k**3/6 + 4*k**2. Let p be x(-4). Is 18/(-27) - (-755)/p a prime number?
True
Let x = -243 + 362. Is x a prime number?
False
Suppose 4*x - y - 3*y - 32 = 0, 0 = -4*x - 2*y + 14. Suppose -3*g = x*h - 24, 5*h = g + 1 - 9. Is (-485)/(-4) - 2/g a prime number?
False
Let p(b) = b**3 + 3*b**2 - 4*b + 1. Let j be p(-3). L